3623?
3623
List the prime factors of 147001.
29, 37, 137
List the prime factors of 56.
2, 7
List the prime factors of 52917.
3, 31, 569
What are the prime factors of 585?
3, 5, 13
What are the prime factors of 92783?
31, 41, 73
List the prime factors of 7676.
2, 19, 101
List the prime factors of 4920.
2, 3, 5, 41
List the prime factors of 53950.
2, 5, 13, 83
What are the prime factors of 154901?
191, 811
What are the prime factors of 7045?
5, 1409
List the prime factors of 6707.
19, 353
List the prime factors of 2077.
31, 67
What are the prime factors of 806?
2, 13, 31
List the prime factors of 6664.
2, 7, 17
List the prime factors of 491.
491
What are the prime factors of 653?
653
What are the prime factors of 2521?
2521
List the prime factors of 21147.
3, 7, 19, 53
What are the prime factors of 539?
7, 11
List the prime factors of 4288.
2, 67
What are the prime factors of 1749?
3, 11, 53
List the prime factors of 5338.
2, 17, 157
List the prime factors of 665.
5, 7, 19
List the prime factors of 186.
2, 3, 31
List the prime factors of 72521.
47, 1543
What are the prime factors of 2896?
2, 181
What are the prime factors of 736?
2, 23
What are the prime factors of 620?
2, 5, 31
List the prime factors of 52235.
5, 31, 337
List the prime factors of 23159.
23159
What are the prime factors of 6424?
2, 11, 73
List the prime factors of 1158.
2, 3, 193
List the prime factors of 60402.
2, 3, 10067
List the prime factors of 12066.
2, 3, 2011
List the prime factors of 3603.
3, 1201
List the prime factors of 131656.
2, 7, 2351
List the prime factors of 4025.
5, 7, 23
What are the prime factors of 3078?
2, 3, 19
List the prime factors of 14171.
37, 383
What are the prime factors of 144558?
2, 3, 2677
What are the prime factors of 4621?
4621
What are the prime factors of 101026?
2, 50513
List the prime factors of 9057.
3, 3019
What are the prime factors of 527?
17, 31
What are the prime factors of 17569?
17569
List the prime factors of 3700.
2, 5, 37
What are the prime factors of 176?
2, 11
What are the prime factors of 10339?
7, 211
List the prime factors of 5789.
7, 827
What are the prime factors of 3425?
5, 137
What are the prime factors of 21394?
2, 19, 563
List the prime factors of 2569.
7, 367
What are the prime factors of 13686?
2, 3, 2281
List the prime factors of 454.
2, 227
What are the prime factors of 3434?
2, 17, 101
List the prime factors of 758.
2, 379
List the prime factors of 3019.
3019
What are the prime factors of 38362?
2, 19181
What are the prime factors of 115181?
11, 37, 283
List the prime factors of 747.
3, 83
What are the prime factors of 993?
3, 331
List the prime factors of 7533.
3, 31
What are the prime factors of 17350?
2, 5, 347
What are the prime factors of 12226?
2, 6113
What are the prime factors of 536?
2, 67
List the prime factors of 8084.
2, 43, 47
List the prime factors of 19967.
41, 487
List the prime factors of 1590.
2, 3, 5, 53
What are the prime factors of 1142?
2, 571
List the prime factors of 15308.
2, 43, 89
What are the prime factors of 4037?
11, 367
What are the prime factors of 4656?
2, 3, 97
List the prime factors of 1336.
2, 167
List the prime factors of 1188.
2, 3, 11
What are the prime factors of 13848?
2, 3, 577
What are the prime factors of 9698?
2, 13, 373
What are the prime factors of 44974?
2, 113, 199
List the prime factors of 25977.
3, 7, 1237
List the prime factors of 1522.
2, 761
What are the prime factors of 11503?
11503
What are the prime factors of 178863?
3, 59621
List the prime factors of 130560.
2, 3, 5, 17
List the prime factors of 57234.
2, 3, 9539
What are the prime factors of 79676?
2, 19919
What are the prime factors of 456?
2, 3, 19
List the prime factors of 10234.
2, 7, 17, 43
What are the prime factors of 29750?
2, 5, 7, 17
What are the prime factors of 2052?
2, 3, 19
List the prime factors of 110.
2, 5, 11
What are the prime factors of 601?
601
What are the prime factors of 68?
2, 17
What are the prime factors of 4074?
2, 3, 7, 97
List the prime factors of 1077.
3, 359
List the prime factors of 2990.
2, 5, 13, 23
List the prime factors of 933.
3, 311
List the prime factors of 2909.
2909
List the prime factors of 38223.
3, 31, 137
List the prime factors of 9341.
9341
List the prime factors of 14386.
2, 7193
What are the prime factors of 29104?
2, 17, 107
What are the prime factors of 12523?
7, 1789
List the prime factors of 70208.
2, 1097
What are the prime factors of 2288?
2, 11, 13
What are the prime factors of 79313?
13, 6101
What are the prime factors of 106367?
106367
What are the prime factors of 50720?
2, 5, 317
List the prime factors of 4166.
2, 2083
List the prime factors of 847.
7, 11
What are the prime factors of 14938?
2, 7, 11, 97
List the prime factors of 691.
691
What are the prime factors of 32810?
2, 5, 17, 193
What are the prime factors of 15098?
2, 7549
What are the prime factors of 87096?
2, 3, 19, 191
What are the prime factors of 36744?
2, 3, 1531
What are the prime factors of 4601?
43, 107
What are the prime factors of 93585?
3, 5, 17, 367
List the prime factors of 6157.
47, 131
What are the prime factors of 1336?
2, 167
What are the prime factors of 60014?
2, 37, 811
List the prime factors of 785.
5, 157
What are the prime factors of 57139?
57139
What are the prime factors of 16866?
2, 3, 937
What are the prime factors of 295?
5, 59
What are the prime factors of 1710?
2, 3, 5, 19
What are the prime factors of 6921?
3, 769
What are the prime factors of 23632?
2, 7, 211
List the prime factors of 553.
7, 79
What are the prime factors of 1526?
2, 7, 109
List the prime factors of 2850.
2, 3, 5, 19
List the prime factors of 279.
3, 31
What are the prime factors of 23138?
2, 23, 503
List the prime factors of 45800.
2, 5, 229
List the prime factors of 13866.
2, 3, 2311
List the prime factors of 1769.
29, 61
List the prime factors of 38993.
38993
What are the prime factors of 1916?
2, 479
What are the prime factors of 30043?
13, 2311
List the prime factors of 8735.
5, 1747
List the prime factors of 2013.
3, 11, 61
List the prime factors of 7985.
5, 1597
List the prime factors of 5139.
3, 571
List the prime factors of 23522.
2, 19, 619
List the prime factors of 4195.
5, 839
What are the prime factors of 5701?
5701
What are the prime factors of 1170?
2, 3, 5, 13
List the prime factors of 18371.
18371
What are the prime factors of 2850?
2, 3, 5, 19
List the prime factors of 29527.
29527
What are the prime factors of 1780?
2, 5, 89
What are the prime factors of 5383?
7, 769
What are the prime factors of 1041?
3, 347
List the prime factors of 25285.
5, 13, 389
What are the prime factors of 11735?
5, 2347
What are the prime factors of 11848?
2, 1481
What are the prime factors of 1512?
2, 3, 7
What are the prime factors of 2757?
3, 919
List the prime factors of 840.
2, 3, 5, 7
What are the prime factors of 9395?
5, 1879
List the prime factors of 19868.
2, 4967
List the prime factors of 40396.
2, 10099
List the prime factors of 9928.
2, 17, 73
List the prime factors of 809.
809
List the prime factors of 4991.
7, 23, 31
What are the prime factors of 8179?
8179
What are the prime factors of 426?
2, 3, 71
What are the prime factors of 1996?
2, 499
What are the prime factors of 514?
2, 257
What are the prime factors of 5087?
5087
List the prime factors of 20736.
2, 3
What are the prime factors of 9103?
9103
What are the prime factors of 20740?
2, 5, 17, 61
List the prime factors of 20931.
3, 6977
List the prime factors of 61941.
3, 11, 1877
What are the prime factors of 5009?
5009
List the prime factors of 30675.
3, 5, 409
What are the prime factors of 7527?
3, 13, 193
List the prime factors of 26266.
2, 23, 571
What are the prime factors of 776?
2, 97
List the prime factors of 33894.
2, 3, 7, 269
List the prime factors of 1106.
2, 7, 79
What are the prime factors of 22640?
2, 5, 283
What are the prime factors of 3641?
11, 331
What are the prime factors of 79610?
2, 5, 19, 419
List the prime factors of 2671.
2671
What are the prime factors of 159?
3, 53
List the prime factors of 2958.
2, 3, 17, 29
What are the prime factors of 153207?
3, 29, 587
What are the prime factors of 2741?
2741
List the prime factors of 6696.
2, 3, 31
What are the prime factors of 60039?
3, 7, 953
What